rs of w/4*2 + 1020/n?
127
What are the prime factors of 2/8 + 60/(-16)*(-155315)/15?
3, 7, 43
Suppose -216*c = -211*c - r - 96714, -3*r + 96718 = 5*c. What are the prime factors of c?
23, 29
What are the prime factors of 17500/(-245)*462/(-12)?
2, 5, 11
Suppose 3 + 17 = o + 4*g, -5*o + 40 = 5*g. Let w(x) = 105*x - 25. List the prime factors of w(o).
5, 79
Let r(h) = -13*h - 24. Let q be r(-13). Suppose 455 = 15*n - q. List the prime factors of n.
2, 5
Let h(n) = 15*n**2 + 49*n + 168. List the prime factors of h(-24).
2, 3, 53
Let l(h) = 31*h - 4. Let c be (-3 + (-4)/(-2))*1. Let s = c - -5. What are the prime factors of l(s)?
2, 3, 5
Let z(f) = f**2 - f + 20. Let b be (-3)/(-1*6)*0. Let i be z(b). Suppose -1 = -2*j - x, -x = 5*j - 10*j + i. List the prime factors of j.
3
Let a(v) = 6*v**3 - 10*v**2 - 12*v + 4. Let y = 164 - 159. List the prime factors of a(y).
2, 3, 37
Let g = 140 - 122. Suppose -j - g = -13. Let i(p) = -23*p + 2. What are the prime factors of i(j)?
3, 13
Let l = -11709 - -22223. What are the prime factors of l?
2, 7, 751
Suppose 3*y - 281 = 2*w, 3*y = w + 4*w + 293. Let i = -87 + y. Suppose -i*o = 12, -f = 2*o - 4*o - 164. List the prime factors of f.
2, 79
Suppose -4*p - d + 20 = 0, -2*p = 3*d - 1 - 9. Suppose -5*t + 1422 + 56 = -2*a, 4*t = p*a + 1179. List the prime factors of t.
2, 37
Let n be (-3)/((-15)/(-520)*2). What are the prime factors of (n/16 - (-6)/24) + 402?
3, 7, 19
Let t = -1033 - -1038. What are the prime factors of (t/20)/(2/8)*1262?
2, 631
Suppose 2*f + 3*x - 6855 = 23199, 0 = -5*x - 20. What are the prime factors of f?
3, 5011
Suppose 2*s = -5*u + 553, -2*s = 4*u - 7*s - 449. Let i = u - -504. List the prime factors of i.
3, 5, 41
Let i = 11060 + -5351. What are the prime factors of i?
3, 11, 173
Let z(h) = -h**3 - 4*h**2 - 382*h + 12. What are the prime factors of z(-18)?
2, 3, 7, 17
Let z be (-135)/7 + (-8)/420*-15. Let o = -48 - -74. Let w = z + o. List the prime factors of w.
7
Let p(v) = -v**3 - 139*v**2 - 71*v - 1920. List the prime factors of p(-139).
7949
Let c(u) = -865*u + 12007. List the prime factors of c(-66).
7, 9871
Let o = -28346 + 50967. List the prime factors of o.
22621
Let q(t) = 141*t + 99. List the prime factors of q(7).
2, 3, 181
Suppose 9032*z - 8997*z - 1690360 = 0. What are the prime factors of z?
2, 6037
Let m be (18/(-24))/(1/124). Let r = -97 + 30. Let t = r - m. What are the prime factors of t?
2, 13
Let y = 7119 - 4006. What are the prime factors of y?
11, 283
Suppose 0 = -5*y - 4*l + 4288, -l + 3425 = 4*y + 4*l. What are the prime factors of y?
2, 5, 43
Let i(c) = 6*c - 42. Suppose 18*o = 22*o + 88. Let s be -8 + (0 - -4) - o. What are the prime factors of i(s)?
2, 3, 11
Suppose -3*a + 324 = -7*a. Let j = 76 + a. Let w = j - -16. List the prime factors of w.
11
Let a(j) = j**3 + 14*j**2 - 21*j + 4. Let h be a(-15). Suppose 0 = 89*x - h*x - 30. What are the prime factors of (-1 - 62/x)*(-144)/(-32)?
2, 3, 7
Let i be 0*7/(-49) + -1. List the prime factors of -1*1 - (-689 + (-2 - i)).
13, 53
Suppose 4*c = m - 470, 5*c = 2*m + 2*m - 1858. Let r = -106 + m. List the prime factors of r.
2, 89
Let t = -247 + 253. What are the prime factors of 925/10*(8 - t)?
5, 37
Let v be 55 + ((-125)/(-5))/5. Suppose -k + 1851 = 5*i, -1425 = -4*i - 5*k + v. List the prime factors of i.
2, 5, 37
Let k(i) = -270*i - 2193. What are the prime factors of k(-49)?
3, 13, 283
List the prime factors of 496400/60*(1/(-2) + (2 - 0)).
2, 5, 17, 73
Let o = 120 + -116. Suppose 0 = 3*h - o*j - 21, -6*h = -3*h + 5*j - 48. Suppose -h*a = -913 - 374. List the prime factors of a.
3, 13
Suppose -7*i + 8*i = 0. Suppose -4*o = 2*y - 36, -y + 20 = -i*o + 3*o. What are the prime factors of y?
2, 7
Let o = -1479 - -11698. What are the prime factors of o?
11, 929
Let c(m) = 17*m + 5*m + 7*m - 4*m + 27. List the prime factors of c(11).
2, 151
Suppose 8*v - 50 = -2*v. Suppose i + i = 4*o - 1530, 0 = o + v*i - 399. What are the prime factors of o?
2, 3
Let k(o) = 935*o - 337. What are the prime factors of k(8)?
3, 2381
Suppose -3904*g = -3902*g - 8. Suppose -4*r + 5*h + 8880 = 1437, -5*h + 7453 = g*r. List the prime factors of r.
2, 7, 19
Let f(c) = -c**3 - 15*c**2 + 2*c - 94. Let n(g) = -4*g**3 - 44*g**2 + 5*g - 283. Let d(s) = -7*f(s) + 2*n(s). List the prime factors of d(17).
2, 3
Let o(j) = -2*j**3 + 100*j**2 - 39*j + 266. List the prime factors of o(48).
2, 5, 761
Suppose 8142 - 2366 = 16*g - 20032. List the prime factors of g.
1613
Let n be (1 - (-75)/11) + 10/55. Let c be 760/160 + 2/n. Suppose -c*f + 4*k = -720, 0 = k + 10 - 5. List the prime factors of f.
2, 5, 7
Let a = -22 - -7. Let h = -99 + a. Let v = h + 310. List the prime factors of v.
2, 7
Suppose -x + 5*f - 135 = 0, -5*x + f - 603 = -0*x. Let n = x + 228. What are the prime factors of n?
2, 3
Let y = 173 - 31. Suppose w = 72 + y. Let c = w - 134. What are the prime factors of c?
2, 5
Let q(v) = -318*v**3 - v**2 + 74*v + 591. What are the prime factors of q(-6)?
3, 17, 19, 71
Let b(c) = 70*c**2 - 2*c - 97. Let a be b(-19). Suppose 19*v - 36*v = -a. List the prime factors of v.
1483
Let g be 1 + 2 + 6 + 5. Suppose -4638 = -20*f + g*f. List the prime factors of f.
773
Let y be (-14)/56 + (-190)/8. Let m = y + 727. List the prime factors of m.
19, 37
Let s(p) = p + 13. Let m be s(-7). Suppose 3*o - m*o = -180. Suppose 26 + o = k + 5*j, 5*k - 409 = -4*j. List the prime factors of k.
3
Let t(s) = -2*s**2 - 35*s + 26. Suppose -16*x = 52 + 92. What are the prime factors of t(x)?
179
Let r(i) = i**3 - 2*i**2 + i + 1. Let v be r(0). Let z = v + -7. List the prime factors of (1*z/(-7))/(11/154).
2, 3
Let i be 40/12 - (-3)/9*2. Suppose -4*v + 2*p - 5*p + 5 = 0, 0 = i*v - p - 9. What are the prime factors of 33/2*10 + v/1?
167
Let k(y) be the first derivative of y**2 - 22*y + 13. Let z be k(11). List the prime factors of -404*(-2)/(8 + z).
101
Let s be ((-34)/6)/(-1) + 2/(-3). Suppose b + 0*z = -3*z + 349, s*b = -2*z + 1758. Suppose -531 = -4*f - 3*c - 58, -b = -3*f - 5*c. List the prime factors of f.
7, 17
Let m = -52053 + 95576. What are the prime factors of m?
71, 613
Suppose 13*g = 2*g + 198. Suppose 10*p - 11*p = g. List the prime factors of 80/(-45) + 4/p + 33.
31
List the prime factors of (-65)/65*1*12434/(-2).
6217
Suppose 66*l + 87 = 67*l. Suppose -5*c = -g + 115, -2*g - 2*c = -g - l. What are the prime factors of (-4)/(-38) + (-2935)/g*-1?
31
Let o be 3/(-9) - (-8410)/(-6). Let l = 6806 + -6790. List the prime factors of o/(-7) + l/(-56).
2, 5
Let z = 66 - 289. What are the prime factors of -3*(z - 1 - -1)?
3, 223
Suppose 18 - 3 = 5*x, 3*k + 2*x + 504 = 0. List the prime factors of (k/(-6))/((-13)/(-39)).
5, 17
Suppose 0 = 7*a - 16 + 23. Let m(c) = 211*c**2 - 1. What are the prime factors of m(a)?
2, 3, 5, 7
Let l be 1 - (96/120 - (-4)/(-5)). Let o be (-1 + l)*((-45)/6 + 8). Suppose -6*j + 1172 - 134 = o. List the prime factors of j.
173
Let m(a) = 13*a**2 - 2*a - 6. Let s be m(-3). Let k = s + -104. Suppose -k*l + 2212 = l. List the prime factors of l.
2, 79
Suppose 242502 = 16*b - 30586. What are the prime factors of b?
2, 17, 251
Let x = -174 - -174. Suppose s - 5*s + 636 = 4*c, x = 2*c - 8. List the prime factors of s.
5, 31
Let a be (-20)/(-50)*60*(-1 + 4). Let g = 282 - a. Suppose 0 = -17*c + 19*c - g. List the prime factors of c.
3, 5, 7
Let h(q) = -q**2 + 3*q - 4. Let k be h(4). Let f be 6/4*k*17. What are the prime factors of (-2)/(2/f*3)?
2, 17
What are the prime factors of 60/75*19370/4?
2, 13, 149
Suppose -4*y = -2804 - 1084. What are the prime factors of y?
2, 3
Suppose -k + 10 = -3*g, 5 = 2*k - k - 2*g. List the prime factors of k/(30/12) + 12*104.
2, 7, 89
Let j(v) = v**3 - 7*v**2 + 7*v - 3. Let p be j(6). Let h(g) = -2*g + 6. Let w be h(p). Suppose w = -3*c - 3*c + 780. What are the prime factors of c?
2, 5, 13
Let m(u) = 587*u**2 + 75*u - 207. What are the prime factors of m(5)?
14843
Let o(p) = 6*p - 23. Let q be o(-4). Let a = 48 + q. What are the prime factors of 0 + 4 - (-91 + a)?
2, 47
Suppose 0 = 2*k + 2*f - 1236, 0 = -k - 4*f + 2*f + 615. Suppose 6*c = k + 369. What are the prime factors of c?
3, 5, 11
Let n(m) = 3*m**2 - m - 1. Let i be n(6). Let b = -96 + i. Suppose 0 = b*c - 2*p - 305, -28 = -5*p - 3. List the prime factors of c